{"id":96,"date":"2022-06-27T04:03:24","date_gmt":"2022-06-27T04:03:24","guid":{"rendered":"http:\/\/quiticol.com\/app\/webroot\/quimico_newsite\/?page_id=96"},"modified":"2022-09-09T16:12:34","modified_gmt":"2022-09-09T16:12:34","slug":"marca-privada","status":"publish","type":"page","link":"https:\/\/quiticol.com\/app\/webroot\/quimico\/mercados\/marca-privada\/","title":{"rendered":"Marca Privada"},"content":{"rendered":"\n<div class=\"wp-block-media-text alignwide has-media-on-the-right is-stacked-on-mobile\"><figure class=\"wp-block-media-text__media\"><img loading=\"lazy\" decoding=\"async\" width=\"1000\" height=\"716\" src=\"https:\/\/quiticol.com\/app\/webroot\/quimico_newsite\/wp-content\/uploads\/2022\/07\/shutterstock_749896939.jpg\" alt=\"\" class=\"wp-image-282 size-full\" srcset=\"https:\/\/quiticol.com\/app\/webroot\/quimico\/wp-content\/uploads\/2022\/07\/shutterstock_749896939.jpg 1000w, https:\/\/quiticol.com\/app\/webroot\/quimico\/wp-content\/uploads\/2022\/07\/shutterstock_749896939-300x215.jpg 300w, https:\/\/quiticol.com\/app\/webroot\/quimico\/wp-content\/uploads\/2022\/07\/shutterstock_749896939-768x550.jpg 768w, https:\/\/quiticol.com\/app\/webroot\/quimico\/wp-content\/uploads\/2022\/07\/shutterstock_749896939-416x298.jpg 416w\" sizes=\"auto, (max-width: 1000px) 100vw, 1000px\" \/><\/figure><div class=\"wp-block-media-text__content\">\n<p class=\"has-text-align-center\">Formulamos y fabricamos  productos y soluciones a la medida de nuestros clientes. Contamos con un amplio portafolio de productos.<\/p>\n\n\n\n<p class=\"has-text-align-center\">Brindamos a nuestros clientes un eficiente servicio con asesor\u00eda y atenci\u00f3n a los detalles y necesidades. Les ofrecemos experiencia y apoyo de nuestro soporte t\u00e9cnico para facilitarles soluciones y respuestas \u00e1giles, para garantizar su seguridad y satisfacci\u00f3n.<\/p>\n\n\n\n<p class=\"has-text-align-center\">Nuestro objetivo y compromiso a futuro es seguir brindando el m\u00e1s alto nivel de calidad en productos y servicios con una creciente innovaci\u00f3n que permitan la satisfacci\u00f3n y confianza de nuestros clientes.<\/p>\n<\/div><\/div>\n\n\n\n<hr class=\"wp-block-separator has-alpha-channel-opacity\"\/>\n","protected":false},"excerpt":{"rendered":"<p>Formulamos y fabricamos productos y soluciones a la medida de nuestros clientes. Contamos con un amplio portafolio de productos. Brindamos a nuestros clientes un eficiente servicio con asesor\u00eda y atenci\u00f3n a los detalles y necesidades. Les ofrecemos experiencia y apoyo de nuestro soporte t\u00e9cnico para facilitarles soluciones y respuestas \u00e1giles, para garantizar su seguridad y [&hellip;]<\/p>\n","protected":false},"author":1,"featured_media":0,"parent":29,"menu_order":0,"comment_status":"closed","ping_status":"closed","template":"template-fullwidth.php","meta":{"footnotes":""},"class_list":["post-96","page","type-page","status-publish","hentry"],"_links":{"self":[{"href":"https:\/\/quiticol.com\/app\/webroot\/quimico\/wp-json\/wp\/v2\/pages\/96","targetHints":{"allow":["GET"]}}],"collection":[{"href":"https:\/\/quiticol.com\/app\/webroot\/quimico\/wp-json\/wp\/v2\/pages"}],"about":[{"href":"https:\/\/quiticol.com\/app\/webroot\/quimico\/wp-json\/wp\/v2\/types\/page"}],"author":[{"embeddable":true,"href":"https:\/\/quiticol.com\/app\/webroot\/quimico\/wp-json\/wp\/v2\/users\/1"}],"replies":[{"embeddable":true,"href":"https:\/\/quiticol.com\/app\/webroot\/quimico\/wp-json\/wp\/v2\/comments?post=96"}],"version-history":[{"count":4,"href":"https:\/\/quiticol.com\/app\/webroot\/quimico\/wp-json\/wp\/v2\/pages\/96\/revisions"}],"predecessor-version":[{"id":286,"href":"https:\/\/quiticol.com\/app\/webroot\/quimico\/wp-json\/wp\/v2\/pages\/96\/revisions\/286"}],"up":[{"embeddable":true,"href":"https:\/\/quiticol.com\/app\/webroot\/quimico\/wp-json\/wp\/v2\/pages\/29"}],"wp:attachment":[{"href":"https:\/\/quiticol.com\/app\/webroot\/quimico\/wp-json\/wp\/v2\/media?parent=96"}],"curies":[{"name":"wp","href":"https:\/\/api.w.org\/{rel}","templated":true}]}}