{"id":82,"date":"2022-06-27T02:23:40","date_gmt":"2022-06-27T02:23:40","guid":{"rendered":"http:\/\/quiticol.com\/app\/webroot\/quimico_newsite\/?page_id=82"},"modified":"2023-04-21T16:11:38","modified_gmt":"2023-04-21T16:11:38","slug":"cuidado-personal","status":"publish","type":"page","link":"https:\/\/quiticol.com\/app\/webroot\/quimico\/mercados\/cuidado-personal\/","title":{"rendered":"Cuidado Personal"},"content":{"rendered":"\n<h2 class=\"wp-block-heading has-text-align-center\">RawPure<\/h2>\n\n\n\n<hr class=\"wp-block-separator has-alpha-channel-opacity\"\/>\n\n\n\n<div class=\"wp-block-media-text alignwide is-stacked-on-mobile is-vertically-aligned-center\"><figure class=\"wp-block-media-text__media\"><img loading=\"lazy\" decoding=\"async\" width=\"946\" height=\"501\" src=\"https:\/\/quiticol.com\/app\/webroot\/quimico_newsite\/wp-content\/uploads\/2022\/07\/Screen-Shot-2022-07-29-at-9.08.15-AM.png\" alt=\"\" class=\"wp-image-289 size-full\" srcset=\"https:\/\/quiticol.com\/app\/webroot\/quimico\/wp-content\/uploads\/2022\/07\/Screen-Shot-2022-07-29-at-9.08.15-AM.png 946w, https:\/\/quiticol.com\/app\/webroot\/quimico\/wp-content\/uploads\/2022\/07\/Screen-Shot-2022-07-29-at-9.08.15-AM-300x159.png 300w, https:\/\/quiticol.com\/app\/webroot\/quimico\/wp-content\/uploads\/2022\/07\/Screen-Shot-2022-07-29-at-9.08.15-AM-768x407.png 768w, https:\/\/quiticol.com\/app\/webroot\/quimico\/wp-content\/uploads\/2022\/07\/Screen-Shot-2022-07-29-at-9.08.15-AM-416x220.png 416w\" sizes=\"auto, (max-width: 946px) 100vw, 946px\" \/><\/figure><div class=\"wp-block-media-text__content\">\n<p class=\"has-text-align-center\">Somos una marca de productos de cuidado personal, que busca ser consciente con el medio ambiente. Tenemos la clara visi\u00f3n de que la protecci\u00f3n no es una moda, es una obligaci\u00f3n. Nuestros productos son un reflejo de nuestro compromiso.&nbsp;<\/p>\n\n\n\n<p class=\"has-text-align-center\">Nos hemos inspirado en la naturaleza misma para crea una l\u00ednea de productos de cuidado personal que ofrezca todas las bondades que la naturaleza misma brinda, sin perjudicarla.<\/p>\n\n\n\n<p class=\"has-text-align-center\">Los produces regresan a la tierra sin contaminarla, como si siempre hubieran sido parte de ella. RawPure es una marca con un prop\u00f3sito claro, que cumple se cumple cada vez que nuestros productos regresan a la tierra.&nbsp;<\/p>\n<\/div><\/div>\n\n\n\n<hr class=\"wp-block-separator has-alpha-channel-opacity\"\/>\n","protected":false},"excerpt":{"rendered":"<p>RawPure Somos una marca de productos de cuidado personal, que busca ser consciente con el medio ambiente. Tenemos la clara visi\u00f3n de que la protecci\u00f3n no es una moda, es una obligaci\u00f3n. Nuestros productos son un reflejo de nuestro compromiso.&nbsp; Nos hemos inspirado en la naturaleza misma para crea una l\u00ednea de productos de cuidado [&hellip;]<\/p>\n","protected":false},"author":1,"featured_media":0,"parent":29,"menu_order":0,"comment_status":"closed","ping_status":"closed","template":"template-fullwidth.php","meta":{"footnotes":""},"class_list":["post-82","page","type-page","status-publish","hentry"],"_links":{"self":[{"href":"https:\/\/quiticol.com\/app\/webroot\/quimico\/wp-json\/wp\/v2\/pages\/82","targetHints":{"allow":["GET"]}}],"collection":[{"href":"https:\/\/quiticol.com\/app\/webroot\/quimico\/wp-json\/wp\/v2\/pages"}],"about":[{"href":"https:\/\/quiticol.com\/app\/webroot\/quimico\/wp-json\/wp\/v2\/types\/page"}],"author":[{"embeddable":true,"href":"https:\/\/quiticol.com\/app\/webroot\/quimico\/wp-json\/wp\/v2\/users\/1"}],"replies":[{"embeddable":true,"href":"https:\/\/quiticol.com\/app\/webroot\/quimico\/wp-json\/wp\/v2\/comments?post=82"}],"version-history":[{"count":9,"href":"https:\/\/quiticol.com\/app\/webroot\/quimico\/wp-json\/wp\/v2\/pages\/82\/revisions"}],"predecessor-version":[{"id":725,"href":"https:\/\/quiticol.com\/app\/webroot\/quimico\/wp-json\/wp\/v2\/pages\/82\/revisions\/725"}],"up":[{"embeddable":true,"href":"https:\/\/quiticol.com\/app\/webroot\/quimico\/wp-json\/wp\/v2\/pages\/29"}],"wp:attachment":[{"href":"https:\/\/quiticol.com\/app\/webroot\/quimico\/wp-json\/wp\/v2\/media?parent=82"}],"curies":[{"name":"wp","href":"https:\/\/api.w.org\/{rel}","templated":true}]}}